{"id":58,"date":"2014-01-26T19:33:25","date_gmt":"2014-01-26T18:33:25","guid":{"rendered":"http:\/\/www.vipverbano.it\/?page_id=58"},"modified":"2014-03-14T00:00:09","modified_gmt":"2014-03-13T23:00:09","slug":"codice-deontologico","status":"publish","type":"page","link":"https:\/\/www.vipverbano.it\/?page_id=58","title":{"rendered":"CODICE DEONTOLOGICO"},"content":{"rendered":"<p><b>Articolo 1<\/b><br \/>\nIl volontario-clown che interviene in ospedale \u00e8 socio di un\u2019a associazione federata con La Federazione Vip ViviamoInPositivo Italia Onlus. Possiede una competenza specifica nell\u2019arte del clown e ha esperienza in questo campo. Riceve dall\u2019associazione una formazione specifica mirata al servizio nel mondo ospedaliero, per capire e rispettare questo ambiente e adattarvi la propria performance<\/p>\n<p><b>Articolo 2<\/b><br \/>\nIn ospedale il volontario-clown compie solo interventi relativi alla sua competenza artistica. E\u2019 presente in reparto per aiutare i bambini o gli adulti e le loro famiglie a sopportare meglio la degenza. Ha il compito di mostrare attraverso la sua attivit\u00e0 che l\u2019umorismo e l\u2019immaginazione possono entrare e far parte della vita in ospedale. Deve essere consapevole che il suo intervento \u00e8 sempre volto a migliorare il benessere dei bambini o degli adulti, dei loro cari e del personale. Agisce sempre nel rispetto del lavoro dei medici e dei paramedici.<\/p>\n<p><b>Articolo 3<\/b><br \/>\nIl volontario-clown non agisce mai da solo, ma sempre in coppia.<\/p>\n<p><b>Articolo 4<\/b><br \/>\nIl volontario-clown \u00e8 responsabile delle sue azioni in ospedale. Esegue il suo servizio nel rispetto della dignit\u00e0, della personalit\u00e0 e dell\u2019intimit\u00e0 del bambino o dell\u2019adulto e della sua famiglia. Effettua tutti i suoi interventi con coscienza e attenzione professionale, qualunque siano il censo della persona, il sesso, la religione, la nazionalit\u00e0, la situazione familiare, l\u2019educazione, la malattia e indipendentemente dai sentimenti che pu\u00f2 provare nei suoi confronti. Anche se viene richiesta la sua opinione, si astiene da ogni osservazione che potrebbe essere inadeguata e presta attenzione a non fare allusioni destabilizzanti sulle proprie origini, abitudini, convinzioni religiose e politiche.<\/p>\n<p><b>Articolo 5<\/b><br \/>\nIl volontario-clown rispetta il segreto professionale. Il segreto riguarda ci\u00f2 che gli \u00e8 stato rivelato, ma anche quello che ha visto, letto, sentito, o compreso sull\u2019identit\u00e0 e lo stato di salute dei bambini o degli adulti conosciuti in ospedale. La discrezione si osserva dentro e fuori dall\u2019ospedale.<\/p>\n<p><b>Articolo 6<\/b><br \/>\nAnche se gli venisse richiesto, il volontario-clown non intratterr\u00e0 relazioni extra dal servizio con il bambino\/adulto e la famiglia. Non deve mai trovarsi nella posizione di confidente o amico. In caso di ripetute richieste da parte dei familiari, deve consultarsi con i responsabili del personale ospedaliero.<\/p>\n<p><b>Articolo 7<\/b><br \/>\nIl volontario-clown agisce senza fine di lucro anche indiretto e non accetta regali o favori personali in ambito ospedaliero.<\/p>\n<p><b>Articolo 8<\/b><br \/>\nPer garantire la qualit\u00e0 degli interventi in servizio, il volontario-clown perfeziona e aggiorna le proprie conoscenze artistiche formandosi costantemente (tecniche del clown) e teoriche (formazione di igiene, vocabolario medico, patologie, dolore ecc.).<\/p>\n<p><b>Articolo 9<\/b><br \/>\nIl volontario-clown \u00e8 sempre attento alla sicurezza del paziente (bambino e adulto). Non deve metterlo in posizione di pericolo con la recitazione, gli accessori, i movimenti.<\/p>\n<p><b>Articolo 10<\/b><br \/>\nIl volontario-clown rispetta il regolamento interno, le norme di igiene e di sicurezza del reparto e dell\u2019ospedale.<\/p>\n<p><b>Articolo 11<\/b><br \/>\nIl volontario-clown rimane imparziale quando viene messo al corrente di inefficienze nell\u2019ospedale, lamentele riguardanti il reparto, questioni del personale o di gestione.<\/p>\n<p><b>Articolo 12<\/b><br \/>\nIl volontario-clown indossa la divisa dell\u2019Associazione, il pass e il logo della Federazione nazionale Vip Italia ONLUS<\/p>\n","protected":false},"excerpt":{"rendered":"<p>Articolo 1 Il volontario-clown che interviene in ospedale \u00e8 socio di un\u2019a associazione federata con La Federazione Vip ViviamoInPositivo Italia Onlus. Possiede una competenza specifica nell\u2019arte del clown e ha esperienza in questo campo. Riceve dall\u2019associazione una formazione specifica mirata al servizio nel mondo ospedaliero, per capire e rispettare questo ambiente e adattarvi la propria<\/p>\n","protected":false},"author":1,"featured_media":0,"parent":52,"menu_order":3,"comment_status":"closed","ping_status":"closed","template":"","meta":{"ngg_post_thumbnail":0,"footnotes":""},"class_list":["post-58","page","type-page","status-publish","hentry"],"yoast_head":"<!-- This site is optimized with the Yoast SEO plugin v25.6 - https:\/\/yoast.com\/wordpress\/plugins\/seo\/ -->\n<title>CODICE DEONTOLOGICO - VIP Verbano<\/title>\n<meta name=\"robots\" content=\"index, follow, max-snippet:-1, max-image-preview:large, max-video-preview:-1\" \/>\n<link rel=\"canonical\" href=\"https:\/\/www.vipverbano.it\/?page_id=58\" \/>\n<meta property=\"og:locale\" content=\"it_IT\" \/>\n<meta property=\"og:type\" content=\"article\" \/>\n<meta property=\"og:title\" content=\"CODICE DEONTOLOGICO - VIP Verbano\" \/>\n<meta property=\"og:description\" content=\"Articolo 1 Il volontario-clown che interviene in ospedale \u00e8 socio di un\u2019a associazione federata con La Federazione Vip ViviamoInPositivo Italia Onlus. Possiede una competenza specifica nell\u2019arte del clown e ha esperienza in questo campo. Riceve dall\u2019associazione una formazione specifica mirata al servizio nel mondo ospedaliero, per capire e rispettare questo ambiente e adattarvi la propria\" \/>\n<meta property=\"og:url\" content=\"https:\/\/www.vipverbano.it\/?page_id=58\" \/>\n<meta property=\"og:site_name\" content=\"VIP Verbano\" \/>\n<meta property=\"article:modified_time\" content=\"2014-03-13T23:00:09+00:00\" \/>\n<meta name=\"twitter:label1\" content=\"Tempo di lettura stimato\" \/>\n\t<meta name=\"twitter:data1\" content=\"3 minuti\" \/>\n<script type=\"application\/ld+json\" class=\"yoast-schema-graph\">{\"@context\":\"https:\/\/schema.org\",\"@graph\":[{\"@type\":\"WebPage\",\"@id\":\"https:\/\/www.vipverbano.it\/?page_id=58\",\"url\":\"https:\/\/www.vipverbano.it\/?page_id=58\",\"name\":\"CODICE DEONTOLOGICO - VIP Verbano\",\"isPartOf\":{\"@id\":\"https:\/\/www.vipverbano.it\/#website\"},\"datePublished\":\"2014-01-26T18:33:25+00:00\",\"dateModified\":\"2014-03-13T23:00:09+00:00\",\"breadcrumb\":{\"@id\":\"https:\/\/www.vipverbano.it\/?page_id=58#breadcrumb\"},\"inLanguage\":\"it-IT\",\"potentialAction\":[{\"@type\":\"ReadAction\",\"target\":[\"https:\/\/www.vipverbano.it\/?page_id=58\"]}]},{\"@type\":\"BreadcrumbList\",\"@id\":\"https:\/\/www.vipverbano.it\/?page_id=58#breadcrumb\",\"itemListElement\":[{\"@type\":\"ListItem\",\"position\":1,\"name\":\"Home\",\"item\":\"https:\/\/www.vipverbano.it\/\"},{\"@type\":\"ListItem\",\"position\":2,\"name\":\"L&#8217;ASSOCIAZIONE\",\"item\":\"https:\/\/www.vipverbano.it\/?page_id=52\"},{\"@type\":\"ListItem\",\"position\":3,\"name\":\"CODICE DEONTOLOGICO\"}]},{\"@type\":\"WebSite\",\"@id\":\"https:\/\/www.vipverbano.it\/#website\",\"url\":\"https:\/\/www.vipverbano.it\/\",\"name\":\"VIP Verbano\",\"description\":\"chi non sa ridere non \u00e8 una persona seria\",\"potentialAction\":[{\"@type\":\"SearchAction\",\"target\":{\"@type\":\"EntryPoint\",\"urlTemplate\":\"https:\/\/www.vipverbano.it\/?s={search_term_string}\"},\"query-input\":{\"@type\":\"PropertyValueSpecification\",\"valueRequired\":true,\"valueName\":\"search_term_string\"}}],\"inLanguage\":\"it-IT\"}]}<\/script>\n<!-- \/ Yoast SEO plugin. -->","yoast_head_json":{"title":"CODICE DEONTOLOGICO - VIP Verbano","robots":{"index":"index","follow":"follow","max-snippet":"max-snippet:-1","max-image-preview":"max-image-preview:large","max-video-preview":"max-video-preview:-1"},"canonical":"https:\/\/www.vipverbano.it\/?page_id=58","og_locale":"it_IT","og_type":"article","og_title":"CODICE DEONTOLOGICO - VIP Verbano","og_description":"Articolo 1 Il volontario-clown che interviene in ospedale \u00e8 socio di un\u2019a associazione federata con La Federazione Vip ViviamoInPositivo Italia Onlus. Possiede una competenza specifica nell\u2019arte del clown e ha esperienza in questo campo. Riceve dall\u2019associazione una formazione specifica mirata al servizio nel mondo ospedaliero, per capire e rispettare questo ambiente e adattarvi la propria","og_url":"https:\/\/www.vipverbano.it\/?page_id=58","og_site_name":"VIP Verbano","article_modified_time":"2014-03-13T23:00:09+00:00","twitter_misc":{"Tempo di lettura stimato":"3 minuti"},"schema":{"@context":"https:\/\/schema.org","@graph":[{"@type":"WebPage","@id":"https:\/\/www.vipverbano.it\/?page_id=58","url":"https:\/\/www.vipverbano.it\/?page_id=58","name":"CODICE DEONTOLOGICO - VIP Verbano","isPartOf":{"@id":"https:\/\/www.vipverbano.it\/#website"},"datePublished":"2014-01-26T18:33:25+00:00","dateModified":"2014-03-13T23:00:09+00:00","breadcrumb":{"@id":"https:\/\/www.vipverbano.it\/?page_id=58#breadcrumb"},"inLanguage":"it-IT","potentialAction":[{"@type":"ReadAction","target":["https:\/\/www.vipverbano.it\/?page_id=58"]}]},{"@type":"BreadcrumbList","@id":"https:\/\/www.vipverbano.it\/?page_id=58#breadcrumb","itemListElement":[{"@type":"ListItem","position":1,"name":"Home","item":"https:\/\/www.vipverbano.it\/"},{"@type":"ListItem","position":2,"name":"L&#8217;ASSOCIAZIONE","item":"https:\/\/www.vipverbano.it\/?page_id=52"},{"@type":"ListItem","position":3,"name":"CODICE DEONTOLOGICO"}]},{"@type":"WebSite","@id":"https:\/\/www.vipverbano.it\/#website","url":"https:\/\/www.vipverbano.it\/","name":"VIP Verbano","description":"chi non sa ridere non \u00e8 una persona seria","potentialAction":[{"@type":"SearchAction","target":{"@type":"EntryPoint","urlTemplate":"https:\/\/www.vipverbano.it\/?s={search_term_string}"},"query-input":{"@type":"PropertyValueSpecification","valueRequired":true,"valueName":"search_term_string"}}],"inLanguage":"it-IT"}]}},"_links":{"self":[{"href":"https:\/\/www.vipverbano.it\/index.php?rest_route=\/wp\/v2\/pages\/58"}],"collection":[{"href":"https:\/\/www.vipverbano.it\/index.php?rest_route=\/wp\/v2\/pages"}],"about":[{"href":"https:\/\/www.vipverbano.it\/index.php?rest_route=\/wp\/v2\/types\/page"}],"author":[{"embeddable":true,"href":"https:\/\/www.vipverbano.it\/index.php?rest_route=\/wp\/v2\/users\/1"}],"replies":[{"embeddable":true,"href":"https:\/\/www.vipverbano.it\/index.php?rest_route=%2Fwp%2Fv2%2Fcomments&post=58"}],"version-history":[{"count":2,"href":"https:\/\/www.vipverbano.it\/index.php?rest_route=\/wp\/v2\/pages\/58\/revisions"}],"predecessor-version":[{"id":1492,"href":"https:\/\/www.vipverbano.it\/index.php?rest_route=\/wp\/v2\/pages\/58\/revisions\/1492"}],"up":[{"embeddable":true,"href":"https:\/\/www.vipverbano.it\/index.php?rest_route=\/wp\/v2\/pages\/52"}],"wp:attachment":[{"href":"https:\/\/www.vipverbano.it\/index.php?rest_route=%2Fwp%2Fv2%2Fmedia&parent=58"}],"curies":[{"name":"wp","href":"https:\/\/api.w.org\/{rel}","templated":true}]}}